base 12, what is 4 + 5350137a?
53501382
In base 2, what is 1001111011011101011110000 - 101?
1001111011011101011101011
In base 15, what is -284 - -16c29?
16995
In base 5, what is -31032114122 + 1?
-31032114121
In base 14, what is d - -11a8763?
11a8772
In base 10, what is 5 - -524093?
524098
In base 16, what is -1dd1b8 + -5?
-1dd1bd
In base 9, what is 141 - -12278737?
12278878
In base 8, what is -624466 + 55?
-624411
In base 14, what is -2db9c2 - -3?
-2db9bd
In base 3, what is -111211220200120 + 20?
-111211220200100
In base 4, what is -11 + -3230123003312?
-3230123003323
In base 12, what is -8783829 + 0?
-8783829
In base 8, what is 5534 + -571575?
-564041
In base 5, what is -34214103210 - -134?
-34214103021
In base 6, what is 33503 + 1020221?
1054124
In base 14, what is -17a3c6d - 0?
-17a3c6d
In base 13, what is 2 - -1445a47c?
1445a481
In base 16, what is fcda + 164e?
11328
In base 16, what is 15397f - -15?
153994
In base 11, what is 5 - 3492a8a?
-3492a85
In base 10, what is -1170 - -53682?
52512
In base 16, what is -6fc143d - -4?
-6fc1439
In base 12, what is 46101 + 68b?
46790
In base 15, what is -14e6 - 117ac?
-12ca3
In base 11, what is 321930704 + -1?
321930703
In base 13, what is 796 + -ba36?
-b270
In base 7, what is 0 + -105166464?
-105166464
In base 10, what is 579762 + -605?
579157
In base 16, what is -441f6 - -5?
-441f1
In base 5, what is -103 + 21221012010?
21221011402
In base 15, what is -c1d4 - -3de9?
-82da
In base 7, what is 0 + -4021551152?
-4021551152
In base 5, what is -2100141111201 + 10?
-2100141111141
In base 13, what is 3743c70 - 3?
3743c6a
In base 16, what is 166 - -76855?
769bb
In base 12, what is 3b4b50 - -7b?
3b500b
In base 12, what is -10551 + 448?
-10105
In base 3, what is 210 + -12221201101?
-12221200121
In base 12, what is 306 + 30a20?
31126
In base 11, what is 4 - 40591227?
-40591223
In base 14, what is 1b - 5366c?
-53651
In base 12, what is -534 - 33980?
-342b4
In base 13, what is b6a5 - a5c?
a946
In base 4, what is -2 - 211311101130?
-211311101132
In base 16, what is 13 + 27d41e?
27d431
In base 12, what is -20 - -b7aa01?
b7a9a1
In base 12, what is 20b96 + 3b3?
21389
In base 6, what is 310 + 15301532?
15302242
In base 5, what is 111011 - -3320?
114331
In base 4, what is -23 - -2320230?
2320201
In base 12, what is -13399 - -ba0?
-123b9
In base 13, what is -2c70 - 19c65?
-1cc05
In base 6, what is -3111442 - -24233?
-3043205
In base 16, what is 2 + 2fb2d8f?
2fb2d91
In base 12, what is 15 - -1602035?
160204a
In base 15, what is -1d + -11acd?
-11aeb
In base 12, what is 2919245 + -3?
2919242
In base 14, what is -21 - 90287b?
-90289c
In base 12, what is 5 + 49a802b?
49a8034
In base 13, what is 13380 - -1030?
143b0
In base 6, what is 3 + 201240340?
201240343
In base 2, what is 101100000 - 111101110110000?
-111101001010000
In base 2, what is 10000010 + -10000101110101001000111?
-10000101110100111000101
In base 2, what is 111110111 - 101101011110101101101?
-101101011101101110110
In base 4, what is -120011232 + -303?
-120012201
In base 12, what is 19 + 924a57?
924a74
In base 4, what is 202013 - 23032?
112321
In base 3, what is -211020 + 2011211020?
2011000000
In base 10, what is -12977 - -2444?
-10533
In base 3, what is -101202120202100 - 11?
-101202120202111
In base 8, what is 6 - 142343065?
-142343057
In base 15, what is d - -2e6a92e?
2e6a93c
In base 2, what is -10100010 - -100001111100100?
100001101000010
In base 12, what is 2 - -19b2337?
19b2339
In base 3, what is 101222002002 - 102212?
101221122020
In base 2, what is -110011011011001000111000101 + 101?
-110011011011001000111000000
In base 12, what is 2 - -9313361?
9313363
In base 16, what is -1c20ec + 5a?
-1c2092
In base 16, what is bf9e3d - -1?
bf9e3e
In base 10, what is -318751 - -2?
-318749
In base 5, what is -212 + 20003032?
20002320
In base 4, what is 3 - -13102322120?
13102322123
In base 5, what is -20 - -23401033122?
23401033102
In base 12, what is -101a5b945 + -1?
-101a5b946
In base 11, what is 87711439 + 5?
87711443
In base 9, what is -218673525 + -10?
-218673535
In base 12, what is a47 - 34721?
-33896
In base 5, what is 202 - -14123230?
14123432
In base 12, what is 19 + 7a0a?
7a27
In base 12, what is -2a - -2a74ba?
2a7490
In base 6, what is 20312245 - -4?
20312253
In base 7, what is 544 - -304233?
305110
In base 14, what is 2365036 + 5?
236503b
In base 5, what is -231444 - -3233?
-223211
In base 5, what is 4 - -412442043122?
412442043131
In base 2, what is -100000111000000011 - 1110010?
-100000111001110101
In base 4, what is -112 - 2230230223?
-2230231001
In base 3, what is 10011220121221110 + 100?
10011220121221210
In base 4, what is 2 - -10113221020300?
10113221020302
In base 16, what is 9a33 - 111?
9922
In base 10, what is -6350 + -128509?
-134859
In base 3, what is 2010202211 + -1100120?
2002102021
In base 13, what is -a81 - -4342?
3591
In base 7, what is -33333555 - 6?
-33333564
In base 13, what is 0 - 12912b81?
-12912b81
In base 16, what is f29 - 20c0?
-1197
In base 8, what is -5 - -604257553?
604257546
In base 8, what is 364741063 - -5?
364741070
In base 7, what is -126202 - -42152?
-54020
In base 15, what is -1 - 30bed2d?
-30bed2e
In base 16, what is -4a02 + 1cbe?
-2d44
In base 4, what is 13303103033 + 110?
13303103203
In base 5, what is -1114100114 + -3410?
-1114104024
In base 7, what is -1516 - 16031?
-20550
In base 3, what is 11022 + -112101002210?
-112100221111
In base 16, what is -499 + -20f27?
-213c0
In base 10, what is 156277229 + 1?
156277230
In base 3, what is 21 + -212112000111000?
-212112000110202
In base 6, what is -20210 - -25054?
4444
In base 7, what is -6226461563 + 3?
-6226461560
In base 12, what is -3885309a + 1?
-38853099
In base 16, what is c5fe42e - -3?
c5fe431
In base 2, what is -101101101 - -1001011000011000?
1001010010101011
In base 10, what is -1609 - -6152?
4543
In base 8, what is -66122152 - 0?
-66122152
In base 10, what is 5 - 8467?
-8462
In base 8, what is 777 - 14003?
-13004
In base 15, what is -5 - -45db10?
45db0a
In base 6, what is 5 + 515211035?
515211044
In base 2, what is -101101001100110010110 + 10?
-101101001100110010100
In base 2, what is -11001111 + 11110001101011001?
11110001010001010
In base 5, what is -301 - 11144443?
-11200244
In base 9, what is 5 + 48234?
48240
In base 10, what is 10 + 12055189?
12055199
In base 10, what is -19 + 9727668?
9727649
In base 6, what is 3 - -1115033100?
1115033103
In base 7, what is 51315200 + -40?
51315130
In base 2, what is 1111110110 + -100101010000001?
-100011010001011
In base 7, what is -3 + 32520542?
32520536
In base 11, what is -185 + 31a66?
31891
In base 2, what is 11000001111000 - 100111?
11000001010001
In base 8, what is -5 + -20035346?
-20035353
In base 12, what is -34 + -547ba7?
-54801b
In base 8, what is -25555 + 130673?
103116
In base 8, what is 120032542 - 3?
120032537
In base 4, what is 131 - -1300120310?
1300121101
In base 2, what is 1 - -111100110001011111010?
111100110001011111011
In base 8, what is 406121467 + 1?
406121470
In base 12, what is 0 - -2b54a1?
2b54a1
In base 5, what is 1124 - 204001010?
-203444331
In base 6, what is -2 + -20221243?
-20221245
In base 2, what is 1101010110101011000 - -10111111001?
1101011001101010001
In base 4, what is 3 - 330313210303?
-330313210300
In base 11, what is -18 - 83167?
-83184
In base 15, what is 3 + -6e736c?
-6e7369
In base 15, what is 8c92eac + 3?
8c92eb0
In base 14, what is -80 - -6ca35?
6c995
In base 12, what is -5 - 4a0abba?
-4a0b003
In base 6, what is -5 + 144112501?
144112452
In base 4, what is -2120103002302 + 3?
-2120103002233
In base 14, what is 5da1c2 - -5?
5da1c7
In base 6, what is -15210 + 121333?
102123
In base 9, what is -81338605 + 10?
-81338585
In base 13, what is -1 - 65a71ca?
-65a71cb
In base 3, what is -2222102112111211 - -12?
-2222102112111122
In base 13, what is -9985 - -43a0?
-55b5
In base 4, what is -13 - -2200100011?
2200033332
In base 7, what is -43445 - -146?
-43266
In base 12, what is -4698 + 4128?
-570
In base 15, what is 23a952 - -2?
23a954
In base 16, what is 245d - 146?
2317
In base 10, what is -20 - -528246?
528226
In base 4, what is -130310000022130 + 10?
-130310000022120
In base 14, what is -14cc274 - -5?
-14cc26d
In base 3, what is 122010 - 1101120020002?
-1101112120222
In base 9, what